{"id":22,"date":"2025-05-14T21:19:24","date_gmt":"2025-05-14T19:19:24","guid":{"rendered":"https:\/\/bluebright.fr\/?page_id=22"},"modified":"2025-05-15T07:59:36","modified_gmt":"2025-05-15T05:59:36","slug":"formations","status":"publish","type":"page","link":"https:\/\/bluebright.fr\/index.php\/formations\/","title":{"rendered":"Formations"},"content":{"rendered":"\n<h2 class=\"wp-block-heading\">Formations IA : D\u00e9veloppez l&rsquo;Expertise de Vos \u00c9quipes pour l&rsquo;\u00c8re Agentique<\/h2>\n\n\n\n<p>La ma\u00eetrise de l&rsquo;Intelligence Artificielle est aujourd&rsquo;hui un facteur cl\u00e9 de succ\u00e8s pour la transformation des entreprises. Notre catalogue de formations, con\u00e7u par des praticiens exp\u00e9riment\u00e9s, vise \u00e0 doter vos \u00e9quipes des comp\u00e9tences essentielles pour comprendre, utiliser et d\u00e9ployer l&rsquo;IA dans leurs domaines respectifs. Courtes, intenses et r\u00e9solument pratiques, nos formations couvrent les fondamentaux et les domaines les plus porteurs de l&rsquo;IA, quel que soit le profil technique, en lien avec les enjeux de l&rsquo;entreprise augment\u00e9e par l&rsquo;IA.<\/p>\n\n\n\n<p>D\u00e9couvrez nos programmes :<\/p>\n\n\n\n<h4 class=\"wp-block-heading\">Formation : Fondamentaux du Machine Learning (ML) pour Informaticiens<\/h4>\n\n\n\n<ul class=\"wp-block-list\">\n<li><strong>Dur\u00e9e :<\/strong> 4 jours<\/li>\n\n\n\n<li><strong>Pour qui ?<\/strong> Vous \u00eates un professionnel de l&rsquo;informatique (d\u00e9veloppeur, ing\u00e9nieur, chef de projet technique&#8230;) et vous ressentez le besoin crucial de comprendre les bases du Machine Learning pour naviguer dans le paysage technologique actuel. Cette formation de 4 jours est con\u00e7ue pour vous donner une compr\u00e9hension solide et pratique des concepts et outils essentiels du ML, m\u00eame sans exp\u00e9rience pr\u00e9alable en Data Science.<\/li>\n\n\n\n<li><strong>Ce que vous allez apprendre :<\/strong> D\u00e9mystifier et comprendre les types et le cycle de vie complet d&rsquo;un projet <strong>Machine Learning<\/strong>. Ma\u00eetriser la pr\u00e9paration et l&rsquo;exploration des donn\u00e9es avec <strong>Python<\/strong>, <strong>Pandas<\/strong> et les bases de visualisation. Acqu\u00e9rir les comp\u00e9tences pour utiliser des mod\u00e8les <strong>ML<\/strong> fondamentaux (R\u00e9gression Lin\u00e9aire, Logistique, Arbres de D\u00e9cision, KNN, K-Means) avec <strong>Scikit-learn<\/strong>. Savoir \u00e9valuer la performance de vos mod\u00e8les de mani\u00e8re rigoureuse en utilisant les m\u00e9triques appropri\u00e9es et la validation crois\u00e9e. Comprendre les principes de l&rsquo;apprentissage supervis\u00e9 et non supervis\u00e9. Apprendre \u00e0 sauvegarder et appr\u00e9hender le d\u00e9ploiement simple de mod\u00e8les <strong>ML<\/strong>. Situer les fondamentaux du <strong>ML<\/strong> par rapport \u00e0 d&rsquo;autres domaines de l&rsquo;<strong>IA<\/strong> (<strong>Deep Learning, GenAI, Agents<\/strong>).<\/li>\n<\/ul>\n\n\n\n<h4 class=\"wp-block-heading\">Formation : Ma\u00eetriser l&rsquo;IA Moderne et le D\u00e9ploiement pour Data Scientists<\/h4>\n\n\n\n<ul class=\"wp-block-list\">\n<li><strong>Dur\u00e9e :<\/strong> 3 jours<\/li>\n\n\n\n<li><strong>Pour qui ?<\/strong> Vous \u00eates un Data Scientist ou Expert en Machine Learning exp\u00e9riment\u00e9 et souhaitez propulser vos comp\u00e9tences au niveau sup\u00e9rieur en explorant les architectures IA les plus r\u00e9centes, en particulier l&rsquo;IA g\u00e9n\u00e9rative, et en ma\u00eetrisant les pratiques modernes de MLOps pour mettre vos mod\u00e8les en production efficacement et de mani\u00e8re responsable.<\/li>\n\n\n\n<li><strong>Ce que vous allez apprendre :<\/strong> Approfondir vos connaissances en <strong>Deep Learning<\/strong> et architectures de pointe (<strong>TensorFlow\/PyTorch<\/strong> concepts). Plonger dans l&rsquo;univers de l&rsquo;<strong>IA G\u00e9n\u00e9rative<\/strong>, des <strong>LLMs<\/strong> et ma\u00eetriser le <strong>Prompt Engineering<\/strong>. Comprendre et mettre en \u0153uvre les principes du <strong>RAG (Retrieval Augmented Generation)<\/strong> en utilisant des APIs comme celle d&rsquo;<strong>OpenAI<\/strong>. Acqu\u00e9rir les comp\u00e9tences cl\u00e9s en <strong>MLOps<\/strong> pour le suivi, le versioning et l&rsquo;automatisaton. Ma\u00eetriser les strat\u00e9gies cl\u00e9s pour le d\u00e9ploiement et le monitoring de mod\u00e8les en production. Int\u00e9grer les consid\u00e9rations \u00e9thiques et de XAI dans votre travail.<\/li>\n<\/ul>\n\n\n\n<h4 class=\"wp-block-heading\">Formation : Int\u00e9gration et Orchestration d&rsquo;IA pour Ing\u00e9nieurs Logiciel<\/h4>\n\n\n\n<ul class=\"wp-block-list\">\n<li><strong>Dur\u00e9e :<\/strong> 3 jours<\/li>\n\n\n\n<li><strong>Pour qui ?<\/strong> Vous \u00eates Ing\u00e9nieur Logiciel ou D\u00e9veloppeur et vous souhaitez non seulement int\u00e9grer des fonctionnalit\u00e9s <strong>IA (ML\/DL, GenAI)<\/strong> dans vos applications, mais aussi comprendre comment ces composants peuvent s&rsquo;articuler dans des architectures plus larges, potentiellement pilot\u00e9es par des <strong>Agents IA<\/strong>.<\/li>\n\n\n\n<li><strong>Ce que vous allez apprendre :<\/strong> Comprendre les capacit\u00e9s et usages des mod\u00e8les <strong>ML\/DL<\/strong> et <strong>GenAI<\/strong> d&rsquo;un point de vue int\u00e9gration. Ma\u00eetriser l&rsquo;utilisation des <strong>APIs d&rsquo;IA<\/strong>, notamment l&rsquo;<strong>API OpenAI<\/strong>, pour enrichir vos applications. Acqu\u00e9rir les comp\u00e9tences pour d\u00e9ployer et servir des mod\u00e8les IA de mani\u00e8re fiable (<strong>Docker<\/strong>, Serverless). D\u00e9couvrir les principes de base des <strong>Agents IA<\/strong> et comment les mod\u00e8les IA les alimentent. Appr\u00e9hender les concepts d&rsquo;orchestration pour cha\u00eener des actions bas\u00e9es sur l&rsquo;IA. G\u00e9rer les aspects techniques du monitoring et de la s\u00e9curit\u00e9 des int\u00e9grations IA.<\/li>\n<\/ul>\n\n\n\n<h4 class=\"wp-block-heading\">Formation : Exploiter l&rsquo;IA pour la Transformation No-Code<\/h4>\n\n\n\n<ul class=\"wp-block-list\">\n<li><strong>Dur\u00e9e :<\/strong> 3 jours<\/li>\n\n\n\n<li><strong>Pour qui ?<\/strong> Vous \u00eates un cr\u00e9ateur ou un d\u00e9cideur No-Code passionn\u00e9 par l&rsquo;efficacit\u00e9 et l&rsquo;automatisation. Vous voulez int\u00e9grer l&rsquo;intelligence artificielle pour transformer vos processus m\u00e9tier (automatisation, analyse, cr\u00e9ation de contenu) sans ma\u00eetriser la programmation, en utilisant des outils puissants comme <strong>n8n<\/strong> et des APIs accessibles comme l&rsquo;<strong>API OpenAI<\/strong>.<\/li>\n\n\n\n<li><strong>Ce que vous allez apprendre :<\/strong> D\u00e9mystifier l&rsquo;<strong>IA (ML\/DL, GenAI)<\/strong> et comprendre ses applications directes pour le business. Identifier les opportunit\u00e9s d&rsquo;ajouter de l&rsquo;intelligence artificielle \u00e0 vos workflows <strong>No-Code<\/strong>. Utiliser des outils comme <strong>n8n<\/strong> pour connecter et automatiser des actions via l&rsquo;<strong>IA<\/strong>. Ma\u00eetriser l&rsquo;utilisation de l&rsquo;<strong>API OpenAI<\/strong> et des concepts comme le <strong>RAG<\/strong> via des connecteurs <strong>No-Code<\/strong>. Construire des \u00ab\u00a0mini-agents\u00a0\u00bb <strong>IA<\/strong> en cha\u00eenant des \u00e9tapes dans vos workflows <strong>No-Code<\/strong>. Comprendre les bonnes pratiques, les limites et l&rsquo;utilisation responsable de l&rsquo;IA accessible.<\/li>\n<\/ul>\n\n\n\n<div class=\"wp-block-uagb-image uagb-block-3e04d7eb wp-block-uagb-image--layout-default wp-block-uagb-image--effect-static wp-block-uagb-image--align-none\"><figure class=\"wp-block-uagb-image__figure\"><img decoding=\"async\" srcset=\"https:\/\/bluebright.fr\/wp-content\/uploads\/2025\/05\/1000146932.jpg ,https:\/\/bluebright.fr\/wp-content\/uploads\/2025\/05\/1000146932.jpg 780w, https:\/\/bluebright.fr\/wp-content\/uploads\/2025\/05\/1000146932.jpg 360w\" sizes=\"auto, (max-width: 480px) 150px\" src=\"https:\/\/bluebright.fr\/wp-content\/uploads\/2025\/05\/1000146932.jpg\" alt=\"\" class=\"uag-image-90\" width=\"952\" height=\"560\" title=\"1000146932\" loading=\"lazy\" role=\"img\"\/><\/figure><\/div>\n","protected":false},"excerpt":{"rendered":"<p>Formations IA : D\u00e9veloppez l&rsquo;Expertise de Vos \u00c9quipes pour l&rsquo;\u00c8re Agentique La ma\u00eetrise de l&rsquo;Intelligence Artificielle est aujourd&rsquo;hui un facteur cl\u00e9 de succ\u00e8s pour la transformation des entreprises. Notre catalogue de formations, con\u00e7u par des praticiens exp\u00e9riment\u00e9s, vise \u00e0 doter vos \u00e9quipes des comp\u00e9tences essentielles pour comprendre, utiliser et d\u00e9ployer l&rsquo;IA dans leurs domaines respectifs.&hellip;&nbsp;<a href=\"https:\/\/bluebright.fr\/index.php\/formations\/\" rel=\"bookmark\">Lire la suite &raquo;<span class=\"screen-reader-text\">Formations<\/span><\/a><\/p>\n","protected":false},"author":1,"featured_media":0,"parent":0,"menu_order":0,"comment_status":"closed","ping_status":"closed","template":"","meta":{"_uag_custom_page_level_css":"","neve_meta_sidebar":"","neve_meta_container":"","neve_meta_enable_content_width":"","neve_meta_content_width":0,"neve_meta_title_alignment":"","neve_meta_author_avatar":"","neve_post_elements_order":"","neve_meta_disable_header":"","neve_meta_disable_footer":"","neve_meta_disable_title":"","footnotes":""},"class_list":["post-22","page","type-page","status-publish","hentry"],"aioseo_notices":[],"uagb_featured_image_src":{"full":false,"thumbnail":false,"medium":false,"medium_large":false,"large":false,"1536x1536":false,"2048x2048":false,"neve-blog":false},"uagb_author_info":{"display_name":false,"author_link":"https:\/\/bluebright.fr\/index.php\/author\/admin3817\/"},"uagb_comment_info":0,"uagb_excerpt":"Formations IA : D\u00e9veloppez l&rsquo;Expertise de Vos \u00c9quipes pour l&rsquo;\u00c8re Agentique La ma\u00eetrise de l&rsquo;Intelligence Artificielle est aujourd&rsquo;hui un facteur cl\u00e9 de succ\u00e8s pour la transformation des entreprises. Notre catalogue de formations, con\u00e7u par des praticiens exp\u00e9riment\u00e9s, vise \u00e0 doter vos \u00e9quipes des comp\u00e9tences essentielles pour comprendre, utiliser et d\u00e9ployer l&rsquo;IA dans leurs domaines respectifs.&hellip;&nbsp;Lire\u2026","_links":{"self":[{"href":"https:\/\/bluebright.fr\/index.php\/wp-json\/wp\/v2\/pages\/22","targetHints":{"allow":["GET"]}}],"collection":[{"href":"https:\/\/bluebright.fr\/index.php\/wp-json\/wp\/v2\/pages"}],"about":[{"href":"https:\/\/bluebright.fr\/index.php\/wp-json\/wp\/v2\/types\/page"}],"author":[{"embeddable":true,"href":"https:\/\/bluebright.fr\/index.php\/wp-json\/wp\/v2\/users\/1"}],"replies":[{"embeddable":true,"href":"https:\/\/bluebright.fr\/index.php\/wp-json\/wp\/v2\/comments?post=22"}],"version-history":[{"count":6,"href":"https:\/\/bluebright.fr\/index.php\/wp-json\/wp\/v2\/pages\/22\/revisions"}],"predecessor-version":[{"id":91,"href":"https:\/\/bluebright.fr\/index.php\/wp-json\/wp\/v2\/pages\/22\/revisions\/91"}],"wp:attachment":[{"href":"https:\/\/bluebright.fr\/index.php\/wp-json\/wp\/v2\/media?parent=22"}],"curies":[{"name":"wp","href":"https:\/\/api.w.org\/{rel}","templated":true}]}}